29, 41
What are the prime factors of 28278?
2, 3, 1571
What are the prime factors of 1193?
1193
What are the prime factors of 68922?
2, 3, 7, 547
List the prime factors of 1527.
3, 509
What are the prime factors of 12619?
12619
List the prime factors of 102912.
2, 3, 67
List the prime factors of 98956.
2, 11, 13, 173
What are the prime factors of 775?
5, 31
List the prime factors of 26897.
13, 2069
What are the prime factors of 1518?
2, 3, 11, 23
What are the prime factors of 27629?
7, 3947
What are the prime factors of 3169?
3169
List the prime factors of 398.
2, 199
List the prime factors of 5122.
2, 13, 197
What are the prime factors of 850?
2, 5, 17
What are the prime factors of 115034?
2, 113, 509
List the prime factors of 14201.
11, 1291
List the prime factors of 2889.
3, 107
What are the prime factors of 5180?
2, 5, 7, 37
List the prime factors of 182.
2, 7, 13
What are the prime factors of 1678?
2, 839
List the prime factors of 1143.
3, 127
What are the prime factors of 3368?
2, 421
What are the prime factors of 1128?
2, 3, 47
What are the prime factors of 6277?
6277
List the prime factors of 50745.
3, 5, 17, 199
List the prime factors of 42292.
2, 97, 109
List the prime factors of 12590.
2, 5, 1259
What are the prime factors of 8468?
2, 29, 73
List the prime factors of 1470.
2, 3, 5, 7
What are the prime factors of 101934?
2, 3, 7, 809
What are the prime factors of 1634?
2, 19, 43
List the prime factors of 1071.
3, 7, 17
List the prime factors of 310.
2, 5, 31
List the prime factors of 34859.
11, 3169
List the prime factors of 19209.
3, 19, 337
What are the prime factors of 7511?
7, 29, 37
What are the prime factors of 222?
2, 3, 37
What are the prime factors of 1504?
2, 47
List the prime factors of 40326.
2, 3, 11, 13, 47
What are the prime factors of 2594?
2, 1297
What are the prime factors of 3894?
2, 3, 11, 59
What are the prime factors of 28877?
67, 431
List the prime factors of 14612.
2, 13, 281
List the prime factors of 26565.
3, 5, 7, 11, 23
What are the prime factors of 1010?
2, 5, 101
What are the prime factors of 2768?
2, 173
List the prime factors of 710.
2, 5, 71
List the prime factors of 43167.
3, 14389
What are the prime factors of 709?
709
What are the prime factors of 76298?
2, 38149
List the prime factors of 3064.
2, 383
What are the prime factors of 848?
2, 53
List the prime factors of 2401.
7
What are the prime factors of 2408?
2, 7, 43
What are the prime factors of 1080?
2, 3, 5
List the prime factors of 599.
599
What are the prime factors of 9?
3
List the prime factors of 22044.
2, 3, 11, 167
List the prime factors of 1689.
3, 563
What are the prime factors of 1103?
1103
List the prime factors of 10393.
19, 547
What are the prime factors of 9987?
3, 3329
List the prime factors of 507.
3, 13
List the prime factors of 65014.
2, 32507
List the prime factors of 1113.
3, 7, 53
List the prime factors of 5760.
2, 3, 5
What are the prime factors of 9584?
2, 599
List the prime factors of 5366.
2, 2683
What are the prime factors of 3848?
2, 13, 37
List the prime factors of 86124.
2, 3, 7177
List the prime factors of 849.
3, 283
What are the prime factors of 4537?
13, 349
What are the prime factors of 1781?
13, 137
What are the prime factors of 42808?
2, 5351
List the prime factors of 1715.
5, 7
List the prime factors of 12545.
5, 13, 193
List the prime factors of 1458.
2, 3
List the prime factors of 108155.
5, 97, 223
List the prime factors of 908.
2, 227
What are the prime factors of 988?
2, 13, 19
List the prime factors of 921.
3, 307
What are the prime factors of 24804?
2, 3, 13, 53
What are the prime factors of 93063?
3, 67, 463
What are the prime factors of 34228?
2, 43, 199
List the prime factors of 12724.
2, 3181
What are the prime factors of 2156?
2, 7, 11
List the prime factors of 220.
2, 5, 11
What are the prime factors of 815?
5, 163
List the prime factors of 13343.
11, 1213
List the prime factors of 37048.
2, 11, 421
What are the prime factors of 49741?
49741
List the prime factors of 1133.
11, 103
List the prime factors of 76083.
3, 7, 3623
What are the prime factors of 58710?
2, 3, 5, 19, 103
What are the prime factors of 9177?
3, 7, 19, 23
What are the prime factors of 6831?
3, 11, 23
What are the prime factors of 42487?
42487
List the prime factors of 12744.
2, 3, 59
What are the prime factors of 44373?
3, 7, 2113
List the prime factors of 672.
2, 3, 7
What are the prime factors of 581?
7, 83
What are the prime factors of 19330?
2, 5, 1933
What are the prime factors of 3565?
5, 23, 31
List the prime factors of 941.
941
List the prime factors of 1058.
2, 23
List the prime factors of 187959.
3, 62653
List the prime factors of 11865.
3, 5, 7, 113
What are the prime factors of 42396?
2, 3, 3533
What are the prime factors of 1492?
2, 373
What are the prime factors of 1139?
17, 67
List the prime factors of 638.
2, 11, 29
What are the prime factors of 604?
2, 151
List the prime factors of 10941.
3, 7, 521
List the prime factors of 22062.
2, 3, 3677
List the prime factors of 1087.
1087
List the prime factors of 219.
3, 73
List the prime factors of 14707.
7, 11, 191
List the prime factors of 152159.
7, 21737
List the prime factors of 17897.
11, 1627
List the prime factors of 8214.
2, 3, 37
List the prime factors of 529.
23
What are the prime factors of 866?
2, 433
What are the prime factors of 3616?
2, 113
What are the prime factors of 4823?
7, 13, 53
What are the prime factors of 283?
283
List the prime factors of 11813.
11813
What are the prime factors of 2269?
2269
List the prime factors of 728.
2, 7, 13
What are the prime factors of 31962?
2, 3, 7, 761
List the prime factors of 1073.
29, 37
List the prime factors of 12017.
61, 197
What are the prime factors of 16973?
11, 1543
What are the prime factors of 270?
2, 3, 5
What are the prime factors of 851?
23, 37
What are the prime factors of 30677?
30677
List the prime factors of 112024.
2, 11, 19, 67
What are the prime factors of 45985?
5, 17, 541
What are the prime factors of 119710?
2, 5, 11971
List the prime factors of 3692.
2, 13, 71
List the prime factors of 685.
5, 137
List the prime factors of 750.
2, 3, 5
What are the prime factors of 1614?
2, 3, 269
What are the prime factors of 1292?
2, 17, 19
What are the prime factors of 1753?
1753
List the prime factors of 73478.
2, 36739
What are the prime factors of 71842?
2, 17, 2113
What are the prime factors of 27865?
5, 5573
List the prime factors of 25403.
7, 19, 191
List the prime factors of 3988.
2, 997
What are the prime factors of 2309?
2309
List the prime factors of 15440.
2, 5, 193
List the prime factors of 1497.
3, 499
What are the prime factors of 81?
3
List the prime factors of 22642.
2, 11321
List the prime factors of 11061.
3, 1229
List the prime factors of 36991.
71, 521
List the prime factors of 1052.
2, 263
What are the prime factors of 11421?
3, 47
What are the prime factors of 8931?
3, 13, 229
What are the prime factors of 158?
2, 79
List the prime factors of 655.
5, 131
What are the prime factors of 30925?
5, 1237
What are the prime factors of 15272?
2, 23, 83
List the prime factors of 3446.
2, 1723
What are the prime factors of 44597?
7, 23, 277
What are the prime factors of 166937?
97, 1721
List the prime factors of 27010.
2, 5, 37, 73
What are the prime factors of 2235?
3, 5, 149
List the prime factors of 1515.
3, 5, 101
What are the prime factors of 6352?
2, 397
What are the prime factors of 646?
2, 17, 19
What are the prime factors of 1516?
2, 379
What are the prime factors of 25108?
2, 6277
List the prime factors of 479.
479
List the prime factors of 28837.
28837
List the prime factors of 8413.
47, 179
List the prime factors of 1840.
2, 5, 23
What are the prime factors of 3272?
2, 409
What are the prime factors of 16464?
2, 3, 7
What are the prime factors of 992?
2, 31
List the prime factors of 27954.
2, 3, 1553
List the prime factors of 784.
2, 7
List the prime factors of 8224.
2, 257
What are the prime factors of 118?
2, 59
What are the prime factors of 10837?
10837
What are the prime factors of 2236?
2, 13, 43
List the prime factors of 66.
2, 3, 11
What are the prime factors of 2775?
3, 5, 37
List the prime factors of 3050.
2, 5, 61
What are the prime factors of 403?
13, 31
List t